vided by 9107?
0
What is the remainder when 7786397 is divided by 856?
221
What is the remainder when 177838 is divided by 1601?
127
Calculate the remainder when 30720976 is divided by 1709.
1701
What is the remainder when 953608 is divided by 814?
414
Calculate the remainder when 29246432 is divided by 1075.
1057
Calculate the remainder when 3624186 is divided by 15691.
15256
Calculate the remainder when 1300635 is divided by 144445.
630
Calculate the remainder when 278455289 is divided by 736.
729
Calculate the remainder when 20450022 is divided by 75.
72
What is the remainder when 475924 is divided by 288?
148
Calculate the remainder when 114691 is divided by 341.
115
What is the remainder when 288722809 is divided by 269?
267
What is the remainder when 1900992 is divided by 633540?
372
What is the remainder when 47411226 is divided by 1755971?
9
What is the remainder when 17536 is divided by 7891?
1754
What is the remainder when 3690261 is divided by 141?
9
Calculate the remainder when 283764 is divided by 20252.
236
Calculate the remainder when 139540 is divided by 69012.
1516
Calculate the remainder when 10502088 is divided by 1312760.
8
What is the remainder when 15322561 is divided by 15322553?
8
Calculate the remainder when 406864 is divided by 37.
12
What is the remainder when 87821 is divided by 123?
122
Calculate the remainder when 1868861 is divided by 148.
65
What is the remainder when 1198352 is divided by 199723?
14
Calculate the remainder when 133634 is divided by 2911.
2639
Calculate the remainder when 28729 is divided by 2471.
1548
What is the remainder when 382738 is divided by 2611?
1532
What is the remainder when 181697940 is divided by 1672?
28
What is the remainder when 127029 is divided by 63322?
385
Calculate the remainder when 1254284 is divided by 163.
162
What is the remainder when 480603 is divided by 68580?
543
Calculate the remainder when 13125120 is divided by 1197.
15
What is the remainder when 2580284 is divided by 1841?
1043
Calculate the remainder when 42566377 is divided by 239.
238
What is the remainder when 5261237337 is divided by 940?
937
What is the remainder when 1744076 is divided by 24?
20
What is the remainder when 543314 is divided by 1110?
524
Calculate the remainder when 61432584 is divided by 27.
24
What is the remainder when 21947 is divided by 21869?
78
What is the remainder when 425398 is divided by 47248?
166
Calculate the remainder when 780388 is divided by 1495.
1493
What is the remainder when 6210183 is divided by 79?
72
What is the remainder when 777789 is divided by 71?
55
What is the remainder when 204009 is divided by 397?
348
Calculate the remainder when 78872789 is divided by 11267540.
9
What is the remainder when 812819 is divided by 1663?
1275
What is the remainder when 172963196 is divided by 759?
758
Calculate the remainder when 1620502 is divided by 6482.
2
Calculate the remainder when 49828352 is divided by 193.
191
What is the remainder when 18982 is divided by 7146?
4690
Calculate the remainder when 14469952 is divided by 103.
100
Calculate the remainder when 564455 is divided by 461.
191
What is the remainder when 100254 is divided by 493?
175
What is the remainder when 9714662 is divided by 253?
221
What is the remainder when 17911921 is divided by 4?
1
Calculate the remainder when 30125 is divided by 175.
25
Calculate the remainder when 1629368 is divided by 10.
8
What is the remainder when 310775 is divided by 64?
55
Calculate the remainder when 586930 is divided by 586909.
21
Calculate the remainder when 4180323 is divided by 854.
847
Calculate the remainder when 4767617 is divided by 110.
107
What is the remainder when 639324 is divided by 144?
108
Calculate the remainder when 7662519 is divided by 288.
279
What is the remainder when 10186 is divided by 334?
166
Calculate the remainder when 10321710 is divided by 75.
60
Calculate the remainder when 184622870 is divided by 125.
120
Calculate the remainder when 33752 is divided by 1161.
83
What is the remainder when 15709854 is divided by 4934?
4932
What is the remainder when 1602522 is divided by 1663?
1053
Calculate the remainder when 3972331 is divided by 832.
363
What is the remainder when 5053275 is divided by 70184?
27
What is the remainder when 88028 is divided by 5142?
614
Calculate the remainder when 3215576 is divided by 56405.
491
Calculate the remainder when 60331 is divided by 1054.
253
Calculate the remainder when 2787627 is divided by 1393679.
269
Calculate the remainder when 738907066 is divided by 10418.
10416
What is the remainder when 980542 is divided by 7485?
7
What is the remainder when 13466646 is divided by 75655?
56
Calculate the remainder when 1614448 is divided by 229.
227
Calculate the remainder when 698573 is divided by 49877.
295
What is the remainder when 619519 is divided by 121?
120
What is the remainder when 3821530 is divided by 786?
784
Calculate the remainder when 23496367 is divided by 1958030.
7
What is the remainder when 9527149 is divided by 1461?
1429
What is the remainder when 3480736 is divided by 1083?
1057
What is the remainder when 7610084 is divided by 17864?
20
Calculate the remainder when 14827 is divided by 2457.
85
Calculate the remainder when 2742665 is divided by 210972.
29
What is the remainder when 197733 is divided by 21960?
93
Calculate the remainder when 126272 is divided by 930.
722
Calculate the remainder when 352372 is divided by 35178.
592
What is the remainder when 3963544 is divided by 2059?
2028
What is the remainder when 44580112 is divided by 25?
12
What is the remainder when 593767 is divided by 593744?
23
Calculate the remainder when 486 is divided by 329.
157
Calculate the remainder when 616106 is divided by 205280.
266
Calculate the remainder when 11604474 is divided by 243.
9
Calculate the remainder when 84890 is divided by 384.
26
What is the remainder when 2666363 is divided by 154?
7
Calculate the remainder when 1124291 is divided by 562098.
95
Calculate the remainder when 63428 is divided by 2998.
470
Calculate the remainder when 1181 is divided by 500.
181
Calculate the remainder when 13689804 is divided by 4324.
20
What is the remainder when 2918640 is divided by 40?
0
Calculate the remainder when 53159536 is divided by 1562.
1552
Calculate the remainder when 1547818 is divided by 6370.
6278
Calculate the remainder when 45156279 is divided by 20.
19
What is the remainder when 12115974 is divided by 23?
11
What is the remainder when 233229365 is divided by 3596?
3593
Calculate the remainder when 3024696 is divided by 116.
112
Calculate the remainder when 25028573 is divided by 6109.
0
What is the remainder when 31126644 is divided by 791?
3
Calculate the remainder when 441261 is divided by 40089.
282
What is the remainder when 528441 is divided by 1881?
1761
Calculate the remainder when 4807777 is divided by 201.
58
What is the remainder when 11461 is divided by 1384?
389
Calculate the remainder when 114327 is divided by 10386.
81
Calculate the remainder when 8885957 is divided by 1256.
1013
Calculate the remainder when 2310623 is divided by 2365.
18
What is the remainder when 518851 is divided by 18530?
11
Calculate the remainder when 56826 is divided by 22.
0
What is the remainder when 11210885 is divided by 231?
224
What is the remainder when 229077809 is divided by 195?
194
What is the remainder when 577634 is divided by 288808?
18
Calculate the remainder when 121329273 is divided by 20221545.
3
Calculate the remainder when 40822915 is divided by 103.
101
What is the remainder when 781548 is divided by 2062?
50
Calculate the remainder when 161850 is divided by 2063.
936
Calculate the remainder when 7165241 is divided by 143303.
91
Calculate the remainder when 99969 is divided by 926.
887
Calculate the remainder when 182544 is divided by 669.
576
What is the remainder when 72368 is divided by 2002?
296
Calculate the remainder when 34053 is divided by 31846.
2207
What is the remainder when 131703 is divided by 540?
483
Calculate the remainder when 69330392 is divided by 14477.
39
Calculate the remainder when 153782938 is divided by 174.
172
What is the remainder when 129913 is divided by 12759?
2323
Calculate the remainder when 1954686